456?
1454
In base 16, what is 2fb8 - 0?
2fb8
In base 14, what is -19 - -30?
15
In base 11, what is -5 - -536?
531
In base 3, what is 21 - 1202?
-1111
In base 5, what is 420 + 2?
422
In base 4, what is -10113 + -100?
-10213
In base 4, what is 11 + 22021?
22032
In base 14, what is 8 + -a5?
-9b
In base 3, what is 21 + -2?
12
In base 9, what is 10 - 230?
-220
In base 16, what is 219 - 4?
215
In base 5, what is 313 + -4?
304
In base 13, what is cc + -2?
ca
In base 4, what is -213 - 22?
-301
In base 9, what is -346 - 2?
-348
In base 14, what is 486 - 6?
480
In base 13, what is -3 + bc?
b9
In base 6, what is 1 + -11?
-10
In base 12, what is -5 + -6?
-b
In base 6, what is 5 - -5314?
5323
In base 15, what is -a - 1d?
-28
In base 16, what is 6bb + 3?
6be
In base 6, what is 4 - -21202?
21210
In base 12, what is -21 + 8?
-15
In base 5, what is 2 - -2442?
2444
In base 8, what is 462 - -2?
464
In base 14, what is -1 + -25?
-26
In base 12, what is 750 + 0?
750
In base 12, what is 46 + 3?
49
In base 8, what is -31 - -14?
-15
In base 4, what is 31013 - 3?
31010
In base 15, what is 52 - -4?
56
In base 16, what is -1b - -4b?
30
In base 14, what is -16 + -3?
-19
In base 10, what is -44 + -5?
-49
In base 8, what is -110 + 4?
-104
In base 5, what is 1 + 302?
303
In base 3, what is -1012102100 - 1?
-1012102101
In base 8, what is 0 + -257?
-257
In base 15, what is -4 + -53?
-57
In base 13, what is -337 - -2?
-335
In base 4, what is -1 + 1003?
1002
In base 12, what is 4 - 2963?
-295b
In base 4, what is 21001 + -10?
20331
In base 6, what is 102 + -24?
34
In base 4, what is -10123 - 332?
-11121
In base 14, what is 2bb - -1b?
2d8
In base 12, what is -27 - 19?
-44
In base 4, what is -32011 - -10?
-32001
In base 14, what is -d7 - 33?
-12a
In base 5, what is -31 - -101?
20
In base 9, what is -5 - 688?
-704
In base 7, what is 6 + 115?
124
In base 16, what is -2c0 + -2?
-2c2
In base 11, what is -1 + -46?
-47
In base 6, what is -114 + -22?
-140
In base 5, what is 114 + -34?
30
In base 7, what is 5 + -6262?
-6254
In base 13, what is -3 + -33?
-36
In base 9, what is 323 + -1?
322
In base 2, what is -10011100000111 - -101?
-10011100000010
In base 10, what is -3 + -63?
-66
In base 7, what is -10 + -125?
-135
In base 10, what is -5 + -36?
-41
In base 9, what is 11 - -406?
417
In base 12, what is -5 + 33?
2a
In base 12, what is 174a - 2?
1748
In base 7, what is -3155 + 1?
-3154
In base 6, what is -32 + -1335?
-1411
In base 14, what is -6 - 75d?
-765
In base 13, what is 5 + -b6?
-b1
In base 10, what is 18 + -3?
15
In base 3, what is 100002 + -201?
22101
In base 10, what is -6903 + -5?
-6908
In base 15, what is -1 - -1b4a?
1b49
In base 16, what is 112c - 3?
1129
In base 2, what is 11010101 - -101?
11011010
In base 5, what is 31224 + -4?
31220
In base 6, what is 2 - -2?
4
In base 13, what is 88 + c8?
183
In base 2, what is 101111100 - -1011?
110000111
In base 14, what is 20 - -c?
2c
In base 3, what is 11 - 1000?
-212
In base 6, what is -5 + -45?
-54
In base 15, what is c61 - 3?
c5d
In base 4, what is 203 - -22?
231
In base 5, what is -24 + -1041?
-1120
In base 7, what is 20 - -4014?
4034
In base 5, what is 3 + -3342?
-3334
In base 7, what is -25 + 1?
-24
In base 7, what is 3 - -14432?
14435
In base 14, what is 13 - 22?
-d
In base 10, what is 22 - 363?
-341
In base 5, what is -14 + -101?
-120
In base 5, what is -1 + -1020?
-1021
In base 10, what is -5 + -39?
-44
In base 2, what is -10011011011 - 100?
-10011011111
In base 6, what is 410441 - 4?
410433
In base 2, what is -10001 + 11?
-1110
In base 3, what is 0 + 112100?
112100
In base 2, what is 100001101 + 10?
100001111
In base 11, what is -9 - 640?
-649
In base 6, what is 5 - -114?
123
In base 13, what is -1c7c - 2?
-1c81
In base 14, what is -5 - -159?
154
In base 3, what is -200002 - 0?
-200002
In base 10, what is 171 - 2?
169
In base 15, what is -840 - -3?
-83c
In base 5, what is -33 + -4?
-42
In base 10, what is -116 + -5?
-121
In base 15, what is 8b + 30?
bb
In base 6, what is -1 - -224?
223
In base 9, what is -8 - 147?
-156
In base 16, what is 4 - 18b?
-187
In base 8, what is -26 + 363?
335
In base 13, what is 304 + -4?
300
In base 10, what is -7 - 8?
-15
In base 15, what is -12 - -2a?
18
In base 13, what is 0 - 2006?
-2006
In base 12, what is -6 + -46?
-50
In base 3, what is -1201 + 0?
-1201
In base 3, what is 10 + 2?
12
In base 11, what is 221 - -4?
225
In base 9, what is -55 + 5?
-50
In base 5, what is 10 - -10?
20
In base 12, what is -32 + -5b?
-91
In base 3, what is -2 - -100?
21
In base 10, what is 2 - -20?
22
In base 13, what is 8 + -5c?
-54
In base 13, what is -1 - -27?
26
In base 11, what is -37 + 2?
-35
In base 7, what is -1 + 16003?
16002
In base 9, what is -2784 + 5?
-2778
In base 9, what is 455 - 4?
451
In base 14, what is 60 - -5?
65
In base 16, what is -15 - -d?
-8
In base 2, what is -111000111011 - -100?
-111000110111
In base 14, what is -1bd1 - 5?
-1bd6
In base 6, what is 430 + 12?
442
In base 5, what is 2 + 1200?
1202
In base 2, what is -1010010 - -1001110?
-100
In base 15, what is 38 + -c?
2b
In base 4, what is 12100 + -1?
12033
In base 14, what is 7039 + 1?
703a
In base 6, what is -1 + 310?
305
In base 3, what is -201 + -100?
-1001
In base 7, what is -10062 + -4?
-10066
In base 6, what is 114443 - 2?
114441
In base 12, what is 35 - 5?
30
In base 12, what is 92 + -8?
86
In base 5, what is 343 + -10?
333
In base 11, what is 30 - -7?
37
In base 9, what is 4 - 3140?
-3135
In base 15, what is -3d - -4a?
c
In base 2, what is 1000 + 10111?
11111
In base 14, what is 0 + 1ba7?
1ba7
In base 3, what is -1 - -10122?
10121
In base 7, what is 0 + -4522?
-4522
In base 13, what is 6145 - -1?
6146
In base 9, what is -5 + 168?
163
In base 9, what is -6 - 2416?
-2423
In base 13, what is -7b - -77?
-4
In base 10, what is -15 - -4?
-11
In base 6, what is 100351 - 4?
100343
In base 6, what is 323 - -13?
340
In base 4, what is 210 - -12?
222
In base 5, what is -231 + 4?
-222
In base 16, what is -4 + 95?
91
In base 11, what is -27 - -15?
-12
In base 16, what is -95 + 0?
-95
In base 11, what is -20a1 + 3?
-2099
In base 10, what is 7 + 148?
155
In base 16, what is 4 - 1032?
-102e
In base 2, what is -1000100 + 1010?
-111010
In base 11, what is 36 + -1?
35
In base 2, what is -11101 - 111110?
-1011011
In base 2, what is -10101 + -100011?
-111000
In base 10, what is 1 + -669?
-668
In base 10, what is -4 - 6845?
-6849
In base 7, what is -5 - 245?
-253
In base 3, what is 12 - 221001?
-220212
In base 11, what is 3178 + -4?
3174
In base 12, what is -51b - 0?
-51b
In base 3, what is 10112012 - 12?
10112000
In base 4, what is -13231 - 11?
-13302
In base 5, what is 422430 + 10?
422440
In base 3, what is 12 - 2220?
-2201
In base 11, what is 1 - 16a?
-169
In base 5, what is -32 - -2?
-30
In base 5, what is 1010433 + -1?
1010432
In base 16, what is -7d - -3?
-7a
In base 12, what is 68a1 - 3?
689a
In base 15, what is -18 - -30?
17
In base 5, what is -1244 - 0?
-1244
In base 3, what is 22120 - -11?
22201
In base 3, what is 111201 - 1?
111200
In base 3, what is 1 - 21102002?
-21102001
In base 14, what is -1 - -88?
87
In base 2, what is -10110001000 - -11?
-10110000101
In base 13, what is -5 + 18?
13
In base 11, what is 11 + 737?
748
In base 8, what is 65 + 6?
73
In base 6, what is -4 - -20?
12
In base 3, what is -2 - -100211?
100202
In base 14, what is dd4 - -6?
dda
In base 8, what is 6452 - 5?
6445
In base 15, what is -b - -152?
146
In base 3, what is -12010 + -1?
-12011
In base 7, what is -5522 + -5?
-5530
In base 3, what is 222 - -2?
1001
In base 14, what is -143 - 5?
-148
In base 5, what is -3323 - 2?
-3330
In base 11, what is 182 - 1?
181
In base 14, what is -1 - -5?
4
In base 3, what is 102201222 - -1?
102202000
In base 8, what is 26 - -21?
47
In base 5, what is 10 - 23240?
-23230
In base 10, what is 8 + -81?
-73
In base 4, what is -3032 + 10?
-3022
In base 5, what is 1343 + -30?
1313
In base 14, what is daa + 3?
dad
In base 11, what is 32 + 128?
15a
In base 7, what is 650 + 3?
653
In base 10, what is 8434 + -1?
8433
In base 16, what is -26 + 6f?
49
In base 12, what is 0 + 81?
81
In base 12, what is -1 + -63b?
-640
In base 14, what is 1b10 + -6?
1b08
In base 12, what is 1 - 2235?
-2234
In base 7, what is 0 - 24?
-24
In base 5, what is -3 + 234